{"id":5,"date":"2020-03-04T14:40:51","date_gmt":"2020-03-04T14:40:51","guid":{"rendered":"http:\/\/gsmk.pl\/?page_id=5"},"modified":"2020-03-04T17:29:28","modified_gmt":"2020-03-04T17:29:28","slug":"o-gabinecie","status":"publish","type":"page","link":"https:\/\/gsmk.pl\/","title":{"rendered":"O gabinecie"},"content":{"rendered":"\n<h1>Witam na stronach prywatnej Praktyki\nStomatologicznej.<\/h1>\n\n\n\n<p>Gabinet prowadz\u0119 od 1991 roku. Renom\u0119 praktyki zawdzi\u0119czam\nwielu zadowolonym pacjentom. Praca stomatologa jest dla mnie\nwyzwaniem. Ci\u0105gle \u015bledz\u0119 nowo\u015bci i dbam o doskonalenie\numiej\u0119tno\u015bci w dziedzinie nowoczesnych technik stomatologicznych.<\/p>\n\n\n\n<p>Szczeg\u00f3ln\u0105 specjalno\u015bci\u0105 Gabinetu jest leczenie zachowawcze,\nendodontyczne i chirurgiczne <strong>dzieci i m\u0142odzie\u017cy<\/strong>.\nPosiadam wieloletnie do\u015bwiadczenie w pracy z <strong>niepe\u0142nosprawnymi\ndzie\u0107mi i niepe\u0142nosprawnymi doros\u0142ymi<\/strong>. Przy pomocy\nnajnowszych technik stomatologicznych zadbam razem z Pa\u0144stwem o&nbsp;\nPa\u0144stwa zdrowy u\u015bmiech i u\u015bmiech Pa\u0144stwa dziecka. Wiele rodzin\nzaufa\u0142o moim us\u0142ugom na tyle, \u017ce lecz\u0105 si\u0119 u mnie trzy pokolenia\nPacjent\u00f3w.<\/p>\n\n\n\n<p>Do\u015bwiadczenie w leczeniu dzieci oraz przyjemna atmosfera i\nkolorystyka Gabinetu daje gwarancj\u0119 zminimalizowania stresu ma\u0142ego\nPacjenta, a nowoczesne metody leczenia redukuj\u0105 nieprzyjemno\u015bci\npraktycznie do zera. Leczymy jak najbardziej bezbole\u015bnie dzi\u0119ki\nindywidualnemu podej\u015bciu do ka\u017cdego Pacjenta.<\/p>\n\n\n\n<p>Oferujemy Pa\u0144stwu kompleksowe leczenie doros\u0142ych, dzieci i\nm\u0142odzie\u017cy (w tym osoby niepe\u0142nosprawne):<\/p>\n\n\n\n<ul><li> Bezp\u0142atne przegl\u0105dy stomatologiczne  <\/li><li> Bezbolesne leczenie ubytk\u00f3w pr\u00f3chnicowych, w tym odbudowa z\u0119ba  <\/li><li> Endodoncja-leczenie kana\u0142owe z\u0119b\u00f3w  <\/li><li> Profilaktyka zabezpieczaj\u0105ca przed rozwojem pr\u00f3chnicy i chorobami przyz\u0119bia  <\/li><li> Lakowanie  <\/li><li> Lakierowanie  <\/li><li> Lapisowanie  <\/li><li> Scaling- usuwanie z\u0142og\u00f3w kamienia i p\u0142ytki naz\u0119bnej  <\/li><li> Bezbolesne usuwanie z\u0119b\u00f3w  <\/li><li> Bezbolesne zabiegi chirurgiczne  <\/li><li>Rentgen z\u0119b\u00f3w<\/li><\/ul>\n\n\n\n<p><\/p>\n","protected":false},"excerpt":{"rendered":"<p>Witam na stronach prywatnej Praktyki Stomatologicznej. Gabinet prowadz\u0119 od 1991 roku. Renom\u0119 praktyki zawdzi\u0119czam wielu zadowolonym pacjentom. Praca stomatologa jest dla mnie wyzwaniem. Ci\u0105gle \u015bledz\u0119 nowo\u015bci i dbam o doskonalenie umiej\u0119tno\u015bci w dziedzinie nowoczesnych technik stomatologicznych. Szczeg\u00f3ln\u0105 specjalno\u015bci\u0105 Gabinetu jest leczenie zachowawcze, endodontyczne i chirurgiczne dzieci i m\u0142odzie\u017cy. Posiadam wieloletnie do\u015bwiadczenie w pracy z niepe\u0142nosprawnymi [&hellip;]<\/p>\n","protected":false},"author":2,"featured_media":9,"parent":0,"menu_order":0,"comment_status":"closed","ping_status":"closed","template":"","meta":[],"_links":{"self":[{"href":"https:\/\/gsmk.pl\/index.php\/wp-json\/wp\/v2\/pages\/5"}],"collection":[{"href":"https:\/\/gsmk.pl\/index.php\/wp-json\/wp\/v2\/pages"}],"about":[{"href":"https:\/\/gsmk.pl\/index.php\/wp-json\/wp\/v2\/types\/page"}],"author":[{"embeddable":true,"href":"https:\/\/gsmk.pl\/index.php\/wp-json\/wp\/v2\/users\/2"}],"replies":[{"embeddable":true,"href":"https:\/\/gsmk.pl\/index.php\/wp-json\/wp\/v2\/comments?post=5"}],"version-history":[{"count":2,"href":"https:\/\/gsmk.pl\/index.php\/wp-json\/wp\/v2\/pages\/5\/revisions"}],"predecessor-version":[{"id":25,"href":"https:\/\/gsmk.pl\/index.php\/wp-json\/wp\/v2\/pages\/5\/revisions\/25"}],"wp:featuredmedia":[{"embeddable":true,"href":"https:\/\/gsmk.pl\/index.php\/wp-json\/wp\/v2\/media\/9"}],"wp:attachment":[{"href":"https:\/\/gsmk.pl\/index.php\/wp-json\/wp\/v2\/media?parent=5"}],"curies":[{"name":"wp","href":"https:\/\/api.w.org\/{rel}","templated":true}]}}